nits digit of m(9)?
8
Let v(r) = 2*r + 27. Let b(j) = j - 3. Let c be b(3). What is the units digit of v(c)?
7
What is the units digit of 1/1 - (-4 + -10)?
5
Let v(s) = 2*s**2 - 8*s - 1. Let b be v(6). Let y = b - 16. What is the units digit of y?
7
Let j = 0 + 10. Let g(u) = -4*u**2 - 3 + 3*u**2 - j*u - 2 + 2*u**2. What is the units digit of g(11)?
6
Let a = 2 - 6. Let k be (-6)/a - 3/(-6). Suppose 0*w + k*w = 14. What is the units digit of w?
7
Let p = 8 + 4. Let i be -8 - (-4 - 8/(-4)). Let w = p + i. What is the units digit of w?
6
Let j(b) = 1. Let l(a) = -a + 3. Let p be l(5). Let f(x) = -10*x**2 - 1. Let r(c) = p*j(c) - f(c). What is the units digit of r(-1)?
9
Let w = -8 + 8. Let j(t) = t**3 - t**2 - t - 34. Let q be j(w). What is the units digit of (-8)/8 - q/2?
6
Let g(p) = -p**3 + p**2 + p + 2. Let s be g(2). Let y = s + 4. What is the units digit of y?
4
Let x(h) be the third derivative of -5*h**4/24 - h**3/6 - 8*h**2. What is the units digit of x(-1)?
4
Suppose l = -4*l + 40. What is the units digit of l?
8
Let r = -5 + 8. Suppose 7*i = r*i + 116. What is the units digit of i?
9
Suppose -p - 2*q = -2*p - 5, 3*q - 2 = -4*p. What is the units digit of (-5*(-1 + 2))/p?
5
Suppose -3*d + 170 = -t, -t = -5*t + 4. What is the units digit of d?
7
Let p be (-1 - 2)*(-41)/3. Let s(i) = -3*i**2 + 15*i + 5. Let w be s(4). Suppose p = 2*k + w. What is the units digit of k?
2
Let g = 0 + 2. Suppose g*o + 72 = 5*o + 2*f, f + 24 = o. What is the tens digit of o?
2
Let m(b) = -7*b**3 - 2*b**2 + b - 8. What is the hundreds digit of m(-3)?
1
Suppose 5*l = -695 + 1965. What is the tens digit of l?
5
What is the units digit of -3 + 4 - 7/(-1)?
8
Suppose -5*w = -2*x + 24, 0 = 2*w - 2*x + x + 10. Let s(n) = n**3 + 6*n**2 + 6*n + 2. What is the units digit of s(w)?
0
Let b(a) = -a - 1. Let t be b(-3). Suppose -d + 2 + t = 0. Suppose 4*g - d*r - 28 = 0, 2*g = 3*r + 15 - 5. What is the tens digit of g?
1
Let g = 27 - -51. What is the units digit of g?
8
Suppose r - 124 = 3*s, 4*s = r + 2*s - 119. What is the tens digit of r?
0
Let g(y) = y**2 + y + 2. Let j be 1/(-5) + 9/(-5). Let n be g(j). What is the units digit of 5 - (-4)/(n/(-2))?
3
What is the tens digit of (-6)/(-30) + (-288)/(-10)?
2
What is the units digit of (4/(-5))/((-8)/120)?
2
Suppose 7*v - 2*v = 15. Suppose 8*u = 11 + 21. Suppose 3*n + 4 = -v*q + 7*q, -u*n = 0. What is the units digit of q?
1
Let t(u) = 2*u**2 + 13*u + 12. What is the tens digit of t(-7)?
1
Let d be (-66)/(-18) - (-1)/3. Suppose 0*r + r + 4 = 0, g - 8 = -d*r. What is the units digit of g?
4
Let i be 3/((-2)/2) + -1. Suppose -8 = -4*h + 4*d, h - 5*d = -6 - 8. Let g = h + i. What is the units digit of g?
2
Let v = 8 - 2. Let h(b) = 13 - 2 - b**2 + v*b - 1. What is the units digit of h(7)?
3
Suppose 5*v - 143 = 137. Suppose -4*k = -0*k - v. What is the units digit of k?
4
Let l(c) = -c**2 - 7*c + 4. What is the tens digit of l(-6)?
1
Let q be 2/3 - 24/9. Let z be 4/(-2 - 0) - -1. What is the units digit of (z - q)*(1 + 1)?
2
Let u(o) = -9*o**3 - o**2 - 3*o - 2. Let n be u(-1). Let a(p) = -2*p**3 + 2*p - 1. Let h be a(-2). Let s = h - n. What is the units digit of s?
2
Suppose 5*g - 4 = 1. Let y be g + (-1)/((-1)/6). Let z = y + 0. What is the units digit of z?
7
Let n(k) = 4*k - 7. Let y = -3 + 10. What is the tens digit of n(y)?
2
Let z(c) = 3*c - 2. Let w = -11 + 23. What is the units digit of z(w)?
4
Let c be (-24)/(-3*6/27). Let b = -96 - -150. Suppose 3*f + b = 5*t - 17, -2*t + c = -5*f. What is the units digit of t?
3
What is the units digit of (-2)/(-15) - (-5761)/105?
5
Let g(z) = z**2 + 4*z - 7. Let c be g(-6). Suppose 0 = -5*o - 2*u - 2, 5*u + c = o + o. Let s = 1 + o. What is the units digit of s?
1
Suppose 0 = -0*w - 2*w + 38. What is the units digit of w?
9
Let d = 20 - 4. What is the units digit of d?
6
Suppose 4*w - 111 - 97 = 0. Suppose -8 = 2*z + 5*i, -w + 14 = -3*z + 5*i. What is the units digit of z?
6
Let u(o) = o + 8. Let d be u(-6). Suppose -d*w = -w + 6. What is the units digit of (-18)/(-3)*w/(-4)?
9
Let w(u) = 2*u**2 + 17*u + 6. What is the tens digit of w(-13)?
2
Suppose 3*d - 92 = 2*d. Suppose 2*t - 2*j = -3*t + 148, d = 3*t - 2*j. Let u = t + -18. What is the tens digit of u?
1
Suppose -j + 5*r + 13 + 9 = 0, 4*j + 3*r - 134 = 0. What is the tens digit of j?
3
Let f(s) = 8*s**2 - 2*s + 2. What is the units digit of f(1)?
8
Suppose -5*i - 2*u = -337, -4*i = 5*u - 75 - 181. What is the units digit of i?
9
Let m(y) = -2*y**2 + 9*y + 8. Let w be m(7). Let h(s) = -6*s**3 + 2*s + 3. Let g be h(-2). Let i = g + w. What is the tens digit of i?
2
Suppose -5*b = -5*r - 40, 0 = -4*b + b - 5*r + 40. Suppose -g + b = g. What is the units digit of g?
5
Let y(s) = s**2 + 3*s - 6. Let p be y(-6). What is the units digit of (1 - 3/6)*p?
6
What is the units digit of 1/((-2 + -2)/(-4))?
1
Let y(l) be the third derivative of l**5/60 - l**4/6 + 2*l**2. Let c be y(5). Suppose 0*g + c = g. What is the units digit of g?
5
Let s(b) = -4*b - 7. Let v be s(-7). Suppose 3*q + 81 - v = 0. Let m = -10 - q. What is the tens digit of m?
1
Let d(k) = k**3 - 3*k**2 - 2*k - 4. Let o be d(4). Let i(t) = 3*t**2 - t + 5. What is the tens digit of i(o)?
4
Suppose -4*d = -d. Suppose -3*t - j = -53, -19 = -t - d*t - j. What is the tens digit of t?
1
Let c be (0 - 2)/4*-8. Suppose -c*u + 30 + 66 = 0. What is the tens digit of u?
2
Suppose 9*l = 6*l + 9. Suppose l*c + 17 = 86. What is the tens digit of c?
2
Suppose -2*n + 6*n = 0. Suppose -2*g = -n - 18. What is the units digit of g?
9
Let p(k) = k**2 - 2. Let c be p(2). Suppose x = 4*y + 13, c*x - 74 + 28 = -2*y. What is the units digit of x?
1
Suppose -9 = v + 2. Let m = 11 - v. What is the tens digit of m?
2
Let m(l) = l**2 - l - 2. Let x be m(3). Suppose -15 = -x*i + 3*i. What is the tens digit of i?
1
Suppose 0 = 4*k - 35 - 33. Let r = -8 + k. What is the units digit of r?
9
Let j be 0 + (-2 - (-40 + 3)). Let u = j + -22. What is the tens digit of u?
1
Suppose -4*v - u + 152 = 3*u, -4*u - 4 = 0. What is the tens digit of v?
3
Let f(h) = 2*h. Let q be f(1). Let z(m) = 16*m + 4. What is the tens digit of z(q)?
3
Let l be 1/(-4) - 1269/(-36). Suppose -5*k + l = 3*q, -4*q - q + 5*k = -45. What is the tens digit of q?
1
Let z be (6 + 2)*11/(-2). Let p = -24 - z. What is the units digit of p?
0
What is the tens digit of 19 + (6/15 - 12/(-20))?
2
Suppose -l + 7 = -5*y + 2*y, 0 = l - 4*y - 8. Let b(t) = -t**3 + 5*t**2 + 2*t. What is the tens digit of b(l)?
2
Let v be 7*((-4)/(-2))/2. Let t(w) = -w**3 - w**2 + 28. Let k be t(0). Suppose -3*n = -v*n + k. What is the units digit of n?
7
Let z be (-50)/(-4)*(-48)/10. Let c = -27 - z. What is the tens digit of c?
3
Suppose 2*j + 5*f = 56, -4*f + 48 + 22 = 3*j. Suppose 0 = 9*q - 10*q + 34. Let l = q - j. What is the units digit of l?
6
Let n be ((-1)/3)/(2/(-30)). Suppose -87 = -n*b + q + 35, 3*q = 3*b - 78. What is the tens digit of b?
2
Let n = 16 - 13. Suppose 2*u = u + n. What is the units digit of u?
3
Suppose -3*y + 4*f = -0*f - 43, 3*y = -5*f + 88. What is the tens digit of y?
2
Let p = -10 + 14. What is the units digit of p?
4
Suppose -275 = -4*f + 3*w, 3*w + 1 = -2. What is the tens digit of f?
6
Let f = 3 - 3. Suppose 32 = 2*r - f. What is the units digit of 4/6 - r/(-3)?
6
Let s(b) = 4*b**3 - b + 1. Suppose y + 2*o = 5, 4*o = y + 3*y + 4. Let a be s(y). Suppose 5*k = -2*v + 25, -2*k - 3 = -v - a. What is the units digit of k?
3
Let t = 559 - 321. What is the hundreds digit of t?
2
Let x(f) = -f**2 - 16*f - 17. What is the tens digit of x(-12)?
3
Suppose 5*i = -5*z + 35, -4*i + 9*z = 4*z - 28. What is the units digit of i?
7
Let b(l) = -2*l - 3. Let v be b(-3). Suppose -v*z = -48 + 9. What is the tens digit of z?
1
Let p be (-12 + 9)*2/(-3). Let g(o) = o**3 + 3*o**2 - 2*o + 1. What is the tens digit of g(p)?
1
Let v = -2 + 4. Suppose 2*u = -0*l + 3*l - v, -u - l = -4. Suppose 0 = -u*o + 10 - 0. What is the units digit of o?
5
Let j = -6 + 10. Suppose s + s = -k, -j*s - 3*k = 4. Suppose -2*z + 4 = s*i, -5*z = 2*i - i + 10. What is the units digit of i?
5
Let j = 34 + -21. Suppose j = 3*f - 29. What is the tens digit of f?
1
Let k(r) = 3*r**2 - r + 1. Let s be k(1). Let i(x) = -x**3 + 3*x**2 - 3*x - 2. Let q be i(s). Let w(d) = -d**2 - 11